5*h, 2 = -2*o - h + 841. Is o a composite number?
False
Let h = -1443 + 2804. Is h a composite number?
False
Let x = 57088 - 22985. Is x a composite number?
True
Let x(o) = o**3 - 4*o**2 - 11*o - 3. Let u be x(6). Suppose u*f + f = -3*j + 1993, 1501 = 3*f - 4*j. Is f a composite number?
False
Let f = 1606 - 2646. Is (4 - -1) + (16 - f) composite?
False
Let k = 15084 + 7529. Is k prime?
True
Suppose -20*r = -22*r + 12. Let j = r + -3. Suppose c + 192 = 2*z + j*c, -c - 1 = 0. Is z a prime number?
True
Suppose -16 = -4*f, -79*f + 84*f = 3*b - 1756621. Is b prime?
True
Suppose 4*g + 3*k = 231270, 324*g - 328*g = -2*k - 231280. Is g prime?
False
Is (-1 - -5382)/(423/7191) composite?
True
Let r = 45 + -42. Suppose r*h - 80 = -5*l, h + h = 2*l + 64. Suppose -2*p + 172 = 4*m - h, 0 = -2*m + 4*p + 126. Is m prime?
True
Suppose -5*b - 4*i = -2*i - 18, -5*i + 11 = 4*b. Suppose -q = -3*q - 3*j + 5546, -5*q + 13819 = -b*j. Is q a prime number?
True
Let c(u) = 180*u**3 + 4*u**2 + u - 5. Let y be c(-2). Let h = y + 3764. Is h a prime number?
True
Suppose 0 = 26*m + 339458 - 8561438. Suppose -1017445 = -35*p + m. Is p a composite number?
True
Let c(v) = 18169*v + 497. Is c(6) a prime number?
False
Let h(v) = 49*v**2 - 28*v - 31. Let j be h(-21). Suppose 2*k + 3*y = 24943, -5*y + 2775 = 2*k - j. Is k a prime number?
True
Suppose -65*d = 220923 - 984608. Is d composite?
True
Suppose -4*v - 268 = -0*f + 4*f, -5*f + 10 = 0. Let m(r) = -4*r**2 + 12*r + 26. Let h be m(8). Let o = v - h. Is o a composite number?
True
Suppose 34 = -14*x + 76. Suppose 21*v - 24*v - 3*r = -20226, -20208 = -x*v + 3*r. Is v a prime number?
False
Suppose -21*r - 16348 + 161242 + 438717 = 0. Is r a composite number?
False
Suppose 4*c + 2*f - 196218 = 0, 0*c + 49037 = c + 4*f. Is c prime?
True
Is (229859/28)/(182/4264) a prime number?
False
Let z(y) = -642*y**3 + 9*y**2 - 3*y - 83. Is z(-4) a composite number?
False
Suppose 3*d - 4*d = -2*m - 325, d - m - 327 = 0. Suppose -6*t + 79 + d = 0. Let r = 183 + t. Is r a composite number?
False
Let w be (23*3)/(27/36). Let i = -90 + w. Is (-4298)/(-4)*i - -4 prime?
True
Let v(z) = 981*z**2 - 7*z - 19. Let j be v(-5). Suppose -4*q + 0*y - 3*y = -j, 5*q - 3*y = 30710. Is q a composite number?
True
Let u(f) = 8485*f**2 - 11*f + 11. Let a be u(1). Suppose 0 = -4*p + 2*p + 5*b + 3361, 4*b - a = -5*p. Is p a composite number?
False
Let f(x) = 39*x**2 - 268*x + 59. Is f(-66) a composite number?
False
Let m be (4/2 - (7 - 5)) + 0. Suppose -8*b - b + 5067 = m. Is b prime?
True
Let k = 105318 + -3751. Is k composite?
True
Suppose 2*i = -3*o + 7, -13 = -5*o + 9*i - 12*i. Suppose 5*u - n = 5332, 0*n - 5350 = -5*u - o*n. Is u a composite number?
True
Let g = 32 - 31. Suppose o = g, -2*o + 11 = 2*b + 3. Suppose -b*y = -5*y + 7586. Is y prime?
True
Let v(d) = -22041*d**3 + 16*d**2 + 56*d + 40. Is v(-3) prime?
True
Let r(b) = -b + 32. Let l be r(13). Let s be (22 - l)*1504/3. Suppose -3*o - 5*v = -s - 508, 0 = 2*o - v - 1363. Is o a composite number?
True
Let v(k) = 29034*k - 85. Is v(1) a prime number?
True
Suppose 99*i + 1210231 = 110*i. Is i prime?
False
Let i be 378/99 + (-4)/(-22). Suppose -8*o + 12*o = i. Is ((-254)/4)/(o/(-10)) a composite number?
True
Let q(m) = -3*m**2 + 10*m + 18. Let y be q(-4). Is 14/y + (-49672)/(-10) composite?
False
Suppose 12*o - 4*n + 497386 = 14*o, 1243471 = 5*o + 4*n. Is o composite?
True
Let g = -72 + 75. Suppose 21 = 3*l - 2*b - b, 0 = -g*l + 4*b + 24. Suppose -36 - 472 = -l*w. Is w prime?
True
Let z = 56 - 12. Let g = 47 - z. Suppose 0 = g*q + 12 - 51. Is q a composite number?
False
Let r(g) be the first derivative of 14*g**4 - 4*g**3 + 27*g**2 + 9*g + 216. Is r(5) a prime number?
False
Let r(y) = -1193*y**3 + 5*y**2 + 37*y + 25. Is r(-4) prime?
False
Let q(g) = -g**3 + 2*g**2 + 25*g + 31. Let v be q(-11). Let c = v + 4652. Is c a composite number?
False
Is (35 + -36)/((0 - -2)/(-207494)) prime?
False
Let w(s) = -s**2 - 24*s + 385. Let r be w(11). Suppose 26*m - 22*m - 9748 = r. Is m a composite number?
False
Let o(y) = y**3 + 9*y**2 + 7*y + 3. Let q be o(-8). Let z(k) = -5*k + 0*k - q + 37. Is z(-21) a composite number?
False
Suppose 3*q + 6 = 0, -4*h - 7*q + 3*q = -40. Suppose h*t - 56449 = -9157. Is t a prime number?
False
Let q(w) = 8*w + 3*w - 24*w**2 + 192*w**2 + w + 11. Is q(6) composite?
False
Suppose -65 = -11*g + 111. Suppose 0 = g*q - 15*q - 907. Is q composite?
False
Suppose -y + k = 6*k + 349, 4*y + 2*k + 1486 = 0. Let v = -117 - y. Is v prime?
True
Let z(s) = 19436*s + 1287. Is z(4) a composite number?
False
Let r be (103771/41)/((-2)/(-4)). Suppose 4*a - 2*y - r = 932, 2*a = -y + 2999. Is a a composite number?
False
Suppose -3722 = -d + o, -4*d + 7459 = -2*d + 3*o. Suppose 12739 = 2*b + d. Is b a composite number?
False
Is 1/((-8)/(-517248) - 0) + 5 a composite number?
False
Let f(z) = -z**2 + 12*z + 6. Let d be f(13). Let t(g) = 131*g**2 + 12*g + 12. Is t(d) prime?
False
Suppose -3*i - 1133*h + 1007449 = -1135*h, 4*i - 1343305 = -3*h. Is i a prime number?
True
Let i(x) = x**2 + 31*x + 59. Let h be i(-29). Let j(u) = 1138*u - 12. Is j(h) prime?
False
Let h be 2*((-52)/91 - (-86)/28). Suppose -3*p + 6*p = 4*r + 5275, -h*p = -2*r - 8815. Is p prime?
False
Suppose -2239 = -6*s - 16093. Let l = -1727 + s. Let p = 7955 + l. Is p composite?
False
Let v(g) be the third derivative of 37*g**5/60 - 7*g**4/24 - g**3 + 1282*g**2. Let t(d) = -d**2 - 6*d - 4. Let h be t(-6). Is v(h) a prime number?
False
Let u(f) = -30*f - 63. Let g(v) = 9*v - 247. Let n be g(25). Is u(n) composite?
True
Suppose 1173*y - 505616 = 1165*y. Is y composite?
True
Let g(p) = 6*p**2 + 50*p + 20. Let q be g(-8). Suppose -m - q*m - w + 74885 = 0, -w = 0. Is m prime?
False
Let o(k) = -k**3 + 10*k**2 + 7*k. Let n be o(-7). Let r = 918 + n. Suppose -5*l + r = -4*g - 4565, 0 = l - g - 1253. Is l prime?
False
Suppose -8*a + 2*a = -66. Suppose -2*b - v = -a, b + 5 = -2*v + 12. Suppose -b*x = -10, c + c - 1294 = 2*x. Is c a prime number?
False
Let a(s) = -330*s - 49. Let r(p) = -664*p - 98. Let v(t) = -7*a(t) + 4*r(t). Is v(-12) composite?
True
Let x be 3*188/108 - 4/18. Suppose n = -u - 0*n + 1571, x*u + 4*n - 7855 = 0. Is u a composite number?
False
Suppose -3*g = -z - 19, -g - 1 = -5. Let s = z - -11. Is 1055 + 4 + 1 + s + -3 a prime number?
True
Suppose 2*x + 57145 = -5*b + 447618, 3*b + 6*x = 234279. Is b a prime number?
False
Suppose 3407 - 24407 = -5*y. Suppose -3*c = 2*w - 2110, -y = -4*w + c - 2*c. Is w a prime number?
True
Suppose 5*g + 3*d - 7293212 = 0, -g + 2*d + 1458619 = -0*d. Is g prime?
False
Let o = 359402 - 240013. Is o a composite number?
False
Let z(i) = -i**2 + 7*i - 1. Let a be z(6). Suppose 4*j = l - a, 7*j - 3*j = 0. Let f(m) = 17*m**2 - 2*m. Is f(l) a prime number?
False
Let r(i) = 11022*i + 19. Let q be r(10). Let m be (-2)/(-4) - q/(-46). Suppose -4*h = -m - 551. Is h a prime number?
False
Suppose 0 = -12*u + 22 - 106. Let i(h) be the second derivative of -h**5/20 - h**4/2 - 2*h**3/3 + 4*h**2 - 6*h. Is i(u) a prime number?
False
Let u(y) = 156*y**2 - 3*y - 72. Is u(-7) a composite number?
True
Suppose -164*s = -158*s - 12. Let h = 21 + -15. Is 1/h*s*(2735 + -14) a composite number?
False
Suppose -z + 18*z = -1938. Let o = 265 - z. Is o a prime number?
True
Suppose 32*f + 2511742 = 114*f. Is f prime?
True
Let c(j) = 66828*j - 4697. Is c(6) a prime number?
False
Let b be 36908/3 + 1 + (-96)/(-72). Let k = -8571 + b. Is k a prime number?
False
Let p(y) = y**3 + 2*y**2 - y. Let h be p(1). Is (115723/(-93))/(34/18 - h) a composite number?
True
Suppose -1820 = 10*k - 7300. Let r = 29 - 130. Let h = k + r. Is h composite?
True
Suppose -1796*i + 2988931 = -1785*i. Is i a composite number?
True
Suppose 0 = -2*u + 3*u + 12644. Let i = u + 22261. Is i a composite number?
True
Let o(j) = 48*j - 5. Let x be 6*(-1)/4*2. Let w be (x/5)/((-9)/30). Is o(w) a prime number?
False
Let f(v) = -12*v**2 - 8*v + 6. Let k be f(-13). Let o = -959 - k. Is o a prime number?
False
Suppose -5*m + 6*c = 2*c - 3, 21 = 4*m + 3*c. Suppose -m*x - 1954 = -5*x. Is (-1)/((-2)/2)*x composite?
False
Suppose -5*i = 4*o - 24, -3*i + 2*o + 4 = -6. Suppose a + 0*a - 4*c - 5027 = 0, 4*a = -i*c + 20168. Is a a composite number?
False
Let o(l) = l**3 - 3*l**2 - 3*l + 8.